 3. Let k be (1*c)/((-12)/(-8)). Let r(y) = 53*y**2 - y + 1. Is r(k) a composite number?
False
Let j = 23 + -21. Suppose 20 = 2*u - j*p, -3*p + p + 10 = 3*u. Suppose 5*v = u*v - 163. Is v composite?
False
Let u be ((-6)/4)/(2/96*8). Let b be ((-16)/(-9))/(-8) - 8291/u. Suppose -79*v + b = -76*v. Is v composite?
False
Let f = 429 + 128. Suppose 1476 = 4*i - 5*m - f, -1526 = -3*i + 4*m. Is i a prime number?
False
Suppose 5*y - 142349 = 5*c + 1004296, y - 3*c = 229325. Is y a composite number?
True
Let t(k) = -1202*k + 61. Let y be t(-19). Suppose 7*w - 1510 = y. Is w a prime number?
False
Let k be ((-4)/10)/(4/(-60)). Suppose k*a = -140 + 488. Let x = a + 256. Is x prime?
False
Suppose 1276 = 4*q - 8*q. Let r = q - -1964. Suppose 3*t - r = 2*t - 2*v, 0 = -4*t + 4*v + 6640. Is t composite?
True
Is ((-1530740)/(-8))/(3/6) a composite number?
True
Let t = -30 - -149. Suppose t - 716 = -f. Suppose -f = -88*i + 85*i. Is i a prime number?
True
Let t = -7146 - -17797. Is t a prime number?
True
Suppose -27*a + 218876 = -23*a. Is a composite?
True
Let p(w) = -70*w - 4035. Is p(-85) composite?
True
Let c be -320*((-3626)/(-7))/7. Let t = c - -40314. Is t composite?
True
Let i = 10635 + 8068. Is i composite?
True
Let f be (-1 + 135)*(7 + -5). Let d = f - 210. Is d a prime number?
False
Let k(j) = j**3 + 10*j**2 - j - 14. Let u be k(-10). Let s be 22/(-6 - u)*-14. Let g = s - 87. Is g a prime number?
True
Let q(z) = 1320*z**3 + 12*z**2 - 2*z - 13. Is q(3) a composite number?
False
Let y(x) = 5*x + 12. Let o be y(-4). Let d be 1310*(-5)/(50/o). Is (1 + d)/(6/12) a prime number?
False
Let o = 21273 + -9418. Let f = 28920 - o. Is f composite?
True
Let o be (4557/2)/((-8)/(-16)). Suppose 4*s = f - 4545, -3*f + o = -2*f - s. Is f prime?
True
Let s(a) = 3*a + 16. Let p be s(-4). Suppose 4*q = -p*w + 9668, 4*q + 2*w - 7247 = q. Is q prime?
False
Let a = -19 + 15. Let n be ((-54)/(-14) - 1) + a/(-28). Suppose -n*y - 5*u + 568 = 0, 766 = 4*y - 2*u - 0*u. Is y a prime number?
True
Suppose -4*n + 0 + 16 = 0, -4*j = -2*n - 4. Suppose -j*b + 7664 = -4291. Suppose 4*l + 4*y - 2658 = 2*l, 3*l + 4*y = b. Is l prime?
True
Suppose -4*f + 9 + 19 = 0. Suppose -f*l = 6083 - 2184. Let d = l - -1128. Is d prime?
True
Let q(c) = -18*c**3 + c**2 + 14*c + 11. Suppose -30 = -4*k + 7*k. Is q(k) prime?
True
Let c(x) = -8*x + 25. Let h be c(2). Suppose i = h*i - 5176. Is i prime?
True
Suppose 0 = -m + p + p - 7, 5*m + 2 = -p. Let f be 2/5 + m + 490/25. Suppose -z + 263 = 3*q, z + f = 2*q - 163. Is q a composite number?
False
Let j(c) = -c**3 - 71*c**2 - 156*c - 507. Is j(-70) a composite number?
True
Suppose -x = -4*p - 2, 3*p - 2 - 13 = 0. Let f = 22 - x. Is 1949 + (-2)/(-6)*(f - 0) prime?
True
Suppose 2*d = -5*n + 813, 0*n = -d - 5*n + 394. Suppose -2*p + d + 769 = 0. Suppose -2*i + 1892 = p. Is i composite?
True
Let g = -31 + 33. Suppose -5*i = 4*u - 20, -2*u + 5*i + 8 = -g. Suppose -1549 = -u*s - 2*w, 3*s + 4*w + 220 = 1155. Is s prime?
False
Let y(q) = 351985*q**3 + 11*q**2 - 6*q + 1. Is y(1) a prime number?
True
Let c(v) = 6*v**2 + 16*v - 1. Let n be c(-3). Suppose 47288 = 2*z + 3*f, n*f = 2*z + 3*f - 47278. Is z composite?
True
Let p(a) = -9*a - 4*a**3 + 7 + 11*a**3 + 14*a**2 - 36*a**2 - 8*a**3. Is p(-23) composite?
False
Suppose -41 = -4*y - i, 5*i = -5*y + 50 - 10. Suppose -y*s = 2*s - 69199. Is s a prime number?
True
Suppose -5*d + 2054960 = -123795. Is d composite?
False
Suppose -8 = -2*z, -32895 = -2*p + z + 2853. Is p + ((-66)/(-110))/((-2)/10) a prime number?
False
Let n be (-2)/(-5) + (-20)/(-150)*564147. Suppose 0 = 9*l + 11*l - n. Is l a composite number?
False
Let t = -825926 - -1338705. Is t composite?
False
Suppose -3*m = 1 - 10. Let l(g) = g**2 + 2*g - m*g**2 + 432 + 489 + g**3 + 3*g**2. Is l(0) a composite number?
True
Suppose 5*s + h - 328744 - 206890 = 0, 0 = -5*s + 3*h + 535638. Suppose -32650 = 13*y - s. Is y prime?
False
Let b(u) = 70045*u**2 + 1987*u - 5. Is b(2) composite?
False
Suppose -15*b + 10*b + 5 = 0. Suppose -b = n - 6. Suppose y - 5*h - 147 = -0*y, n*y - h - 783 = 0. Is y a prime number?
True
Let t be (-7 - -2) + (-72)/4 + 1. Suppose 0 = 4*a + 2*m - 32, -5*m + 5 = a + 6. Is 5281/a - t/99 composite?
False
Let h(c) = 19 + 327*c**2 + 304*c**2 - 517*c**2 + 38*c. Is h(-7) composite?
True
Let y = -3 + 4. Let q = 7595 - 7602. Is 113 + q - (y + 2) prime?
True
Let d = -71208 + 111449. Is d prime?
True
Let s = -118 + 124. Let l be s/8 + 153/4. Suppose u - 289 = -z + l, 4*z = u - 343. Is u prime?
True
Let v(i) = 516*i**2 - 2*i - 1. Suppose -15*b - 2 = -77. Is v(b) a prime number?
True
Let p be (29/(-2) - -2)*2. Let x be (-2)/3 + p/(-15). Is x + 1 + 1971 + -4 a composite number?
True
Let d be (-1 - 6)*(2/2 + -3). Suppose -5*b = -5*u + 5, 5*b + d = -2*u - 2*u. Is (1761/(-15))/(b/10) prime?
True
Let o be (-1*37)/(7/266). Suppose 4*w = -4*h, 0 = -4*h + 8*h - 4*w + 8. Is 12/(-18) - (o/3 - h) a composite number?
False
Suppose -u - 35 = -39. Suppose 4*v = 2*q - 10974, u*q + 0*v - 21948 = -3*v. Let m = q + -3794. Is m prime?
True
Let v = 525197 - -54320. Is v a prime number?
True
Suppose 3*l - a = 2*l - 9, 3*l = -a - 19. Let h(u) = -269*u - 9. Let i be h(l). Is 2/(4 + ((-11240)/i - -2)) a composite number?
False
Suppose -y = 4, 5*c + y + 74230 - 293491 = 0. Is c prime?
True
Suppose -11756 = -3*r + 5113. Suppose -5*d + 2*w + 35611 = 7496, -w = d - r. Is d a composite number?
False
Let n be 0 - ((-6)/4)/(9/18). Suppose -4*d + n = 7. Is 47 + d + 1 + 1 + -1 a prime number?
True
Let w = 5 - 2. Suppose -4*c - 643 = -w*j, 2*c - 3*c = 5*j - 1087. Suppose -651 = -4*u + j. Is u prime?
False
Let r = -40638 + 70531. Is r composite?
True
Let j(d) = -d**3 + 2*d**2 - d - 13. Let s be j(4). Let k = 51 + s. Suppose -4*i = k*r - 4654, 0*r - r - 2325 = -2*i. Is i a prime number?
True
Suppose -4*i = 4*y - 27264, -6 = -6*y + 4*y. Is 6/(3/(i/6)) composite?
True
Let u(j) = 57564*j + 1003. Is u(4) a composite number?
True
Let j(k) = -526*k - 8579. Is j(-20) composite?
True
Let r(m) = -14*m**2 + 11 + 90*m**2 + 5*m + 14 - 37. Is r(7) a prime number?
False
Let l = -1285 + 8768. Suppose 5*i + 4*j = l, 3*i - 1493 = 2*i - 2*j. Is i a prime number?
True
Suppose 0 = -q - 782 + 210. Suppose -11*o = 7755 + 1914. Let y = q - o. Is y composite?
False
Let k = 92043 + -42052. Is k a composite number?
False
Suppose -2 = t - 5*k - 4, 3*k = 4*t - 8. Suppose 3*l = t*d - 215 - 358, 306 = d + 5*l. Is d a prime number?
False
Let m(h) = -2*h**3 - 36*h**2 - 51*h - 41. Let f(q) = q**3 + 35*q**2 + 51*q + 38. Let i(t) = -3*f(t) - 2*m(t). Is i(35) a composite number?
True
Let p = 63 + -32. Suppose 574931 = -8*l + p*l. Is l composite?
True
Let q = 1668 + 9753. Let t = q - 3382. Is t composite?
False
Let v(j) = 5 + j - 7*j - 3*j**3 + 4*j**3 - 10. Let f be v(-1). Suppose 2*x - 640 + 132 = f. Is x composite?
True
Let y(q) = q**3 + 3*q**2 - 4*q + 5. Let f be y(-4). Suppose -f*p + k = -2*k - 1541, k + 2 = 0. Is p*6/4*20/30 a prime number?
True
Suppose -103*m = -102*m - 10. Suppose 2*j + m*j - 93588 = 0. Is j a composite number?
True
Is (-36)/(-132) - 75452304/(-66) composite?
False
Is -4 - (((-116)/30 - -4) + 584147/(-15)) composite?
True
Let w = -34 + 46. Suppose 5*d - w = 6*d. Let l(q) = -15*q - 2. Is l(d) composite?
True
Let u(y) be the third derivative of 131*y**7/1008 + 7*y**6/720 + 2*y**5/15 + 6*y**2. Let r(d) be the third derivative of u(d). Is r(1) prime?
False
Let k(m) = -m**2 - 24*m - 6. Let c be k(-24). Let o be (27/(-12))/((-4)/(-1088)*c). Let d = 599 + o. Is d prime?
True
Suppose w + 5*b - 124 = 0, -5*w - 2*b = b - 510. Suppose 3*r - 3 = 0, 4*l + r = -0*r + 621. Suppose -w - l = -y. Is y prime?
False
Suppose 2*o = 3*n + 8, -3*o + 3*n = -5*o + 20. Suppose o*p - p + 618 = 0. Is p/((2 - (-5)/(-2))*2) composite?
False
Let y = -53774 - -78952. Is y composite?
True
Let z(i) = 238*i**3 + 5*i**2 - 57*i + 10. Let f be z(8). Suppose -78571 = -2*y + 3*x, 0 = 3*y - x + 3856 - f. Is y a composite number?
False
Let d = 176144 + -61503. Is d a prime number?
True
Let i = 35 + -35. Suppose 0 = h - i + 4. Is 424/32*h/(-1) a composite number?
False
Suppose 3250652 + 1990830 - 156569 = 57*j. Is j prime?
True
Suppose 2*i - 3*w = 20726, 159*w - 156*w + 227866 = 22*i. Is i a prime number?
True
Let k(m) = -2885*m - 178. Let g be 